 t?
2
Let i(p) = -23*p**2 - 62*p + 1. Let j be i(-3). Let n be ((-8)/10)/(-4 + (-76)/j). Calculate the greatest common divisor of 6 and n.
2
Let m be (-4 - (-366)/93) + (54576/(-62))/(-4). What is the highest common factor of m and 4660?
20
Suppose -2*f + 11 = -59. Let o be f/20 + 2/8 - 176. Let p = o - -252. Calculate the highest common factor of 6 and p.
6
Let q(u) = u**3 + 7*u**2 + 14*u + 30. Let a be q(-5). Suppose 0 = -c - 4, a*n - 5*n - 163 = -3*c. What is the greatest common factor of 56 and n?
7
Suppose -p = -2*d + 2810 - 82, -3*d + 4074 = 3*p. What is the greatest common divisor of 6 and d?
6
Let y(t) = -43*t**3 - 9*t**2 + 3*t + 34 + 22*t**3 + t**2 + 22*t**3. Let l be y(7). What is the greatest common divisor of l and 258?
6
Let b = -10572 - -11846. Calculate the greatest common factor of 3136 and b.
98
Let b be 61/((-6)/(-2036)*(-6)/(-9)). What is the greatest common divisor of b and 61?
61
Suppose 17*j + 157 = 1245. Suppose -d - 67*f = -j*f - 309, 967 = 3*d + f. What is the greatest common divisor of 48 and d?
12
Let l be 3 + (-183)/(-15) + ((-435)/75)/29. What is the greatest common factor of 18615 and l?
15
Let i be (-639 - 0)*(-21)/(-49)*-7. What is the greatest common divisor of 297 and i?
27
Let c(a) = 19*a**2 - 59*a + 54. Let d be c(8). What is the highest common divisor of 6 and d?
6
Let j = -363 - -605. Suppose -8*w + 44 = r - 3*w, -4*r + 5*w + 176 = 0. What is the greatest common divisor of j and r?
22
Let k = -30 + -4. Let i = 49 + k. Let r = 95 + 10. Calculate the highest common divisor of r and i.
15
Let o(y) = -136*y**2 - 11*y. Let m(f) = 69*f**2 + 6*f. Let c(l) = -7*m(l) - 4*o(l). Let a be c(2). What is the greatest common factor of a and 31?
31
Suppose -2*v = -5*y - 190, v + 3*y - 77 - 7 = 0. Let q = 857 - 837. What is the greatest common factor of q and v?
10
Let j = 228 + -195. Calculate the highest common factor of 253 and j.
11
Let x = -14 + 26. Suppose -18*s + 13*s = -565. Let r = 245 - s. Calculate the highest common factor of r and x.
12
Suppose -65260 = -92*i + 100248. Calculate the greatest common factor of 7 and i.
7
Suppose 25*i - 89268 - 22704 = -37*i. What is the greatest common divisor of i and 28?
14
Suppose -4*a - 8 + 240 = 0. Suppose z = -4*p + 38, 0 = 5*p + z + 11 - a. Let g be p*(-132)/(-4) + 1 - 1. What is the highest common factor of 33 and g?
33
Let o be -1*6*618/(-9). Let a = o - 151. Calculate the highest common factor of 87 and a.
87
Let j = -60 - -112. Let c = j + -52. Let t be -2 + c + -1 - (-18 - -6). Calculate the highest common factor of t and 72.
9
Suppose 0 = 6*g + 4 + 2. Let j be 15/(-45)*(g + -8). Suppose j*b - 178 = 2*x, -3*x = 4*b - 5*x - 234. Calculate the highest common divisor of 42 and b.
14
Suppose 680 + 88 = 3*a. Suppose 0 = 9*y - a + 40. Let b be -2*(38*-1 - -2). What is the greatest common factor of b and y?
24
Let g = 6252 + -5407. What is the highest common factor of 5 and g?
5
Let o = 70 - 72. Let h be ((-3)/o)/(-7 + (-45)/(-6)). Calculate the greatest common factor of h and 21.
3
Let o = -17 + 31. Suppose 5*c - n = 15, -o = -5*c - 4*n + 1. Suppose 0*i + c*i = 3*x + 12, 4*x = 2*i - 12. What is the greatest common factor of i and 1?
1
Suppose -5*v + 4 = -v. Let r(u) be the second derivative of u**3/3 + 3*u**2/2 + 47*u. Let t be r(-1). Calculate the highest common divisor of v and t.
1
Suppose -7*c - 5 = -12*c. Let d be 99/(((-15)/(-20))/c). Suppose -d = -0*k - 3*k. Calculate the highest common factor of 11 and k.
11
Suppose -4*q - 494 - 838 = 0. Let w = q - -529. Let o be (14/(-4))/((-2)/16). Calculate the greatest common divisor of o and w.
28
Let w be (5 - -9) + (-2 - -2). Suppose 23*y - 2808 = w*y. What is the greatest common factor of 24 and y?
24
Let z(f) = -752*f + 75. Let b be z(0). What is the greatest common divisor of 5025 and b?
75
Suppose 483*v + 45531 = 486*v - 4*f, 2*f + 30360 = 2*v. What is the highest common factor of 249 and v?
249
Let p(y) = y**3 - 30*y**2 + 5*y + 60. Let u be 275/55 - 1*-25. Let v be p(u). What is the highest common factor of 30 and v?
30
Let v(k) = 11*k + 649. Let y be v(0). Suppose -2*q = -j + 6*j - 1297, 0 = -q - 3*j + y. What is the greatest common factor of q and 34?
34
Suppose -14*d - 1974 = -14*d - 47*d. What is the greatest common divisor of d and 690?
6
Let o(s) = -4 - 7*s**2 + 41*s - 1 - s**3 - 4 - 10 - 7. Let a be o(-11). Calculate the greatest common factor of 35 and a.
7
Suppose -52*r - 4 = -50*r, 5*r - 14 = -2*o. What is the highest common divisor of 486 and o?
6
Suppose 2*h = q - 6, 2*q = 4*q + 2*h. Suppose 3*o + 272 = 3*j - 532, -q*j + 540 = -o. What is the highest common factor of 32 and j?
16
Suppose -4 = -2*p, -5*c + 61 = 2*p + p. Let g = -53 - -58. Suppose -5*d + 117 = j - 3*d, -10 = g*d. Calculate the highest common divisor of c and j.
11
Let o = 49 + 14. Suppose 154*y + 31746 - 98785 = 97895. Calculate the highest common factor of y and o.
63
Let x(b) = -2*b**3 - 22*b**2 - 44*b - 531. Let s be x(-26). Calculate the highest common factor of 17 and s.
17
Suppose 5*z - 67 = 5*d - 8*d, 4*z - 52 = -4*d. Suppose -7*u + 9*u = -10. Let n = z + u. Calculate the highest common divisor of 54 and n.
9
Let f = -48 + 70. Suppose 4*o + 898 = 3*p, -632*p + 635*p = 5*o + 908. Calculate the highest common divisor of p and f.
22
Let a(b) = -2*b**3 - 92*b**2 + 57*b - 101. Let j be a(-47). Calculate the highest common divisor of 27 and j.
9
Let l be (-88 + 0)*1/(-1). Calculate the greatest common factor of 14872 and l.
88
Let p = -12 - -19. Let k = 2623 - 2616. What is the highest common divisor of p and k?
7
Suppose 3*i + 0*i + 3 = 5*m, 0 = -5*m + 2*i + 7. Let j(h) = 8*h**3 + 45*h**2 - 30*h - 24. Let o be j(-6). What is the highest common divisor of m and o?
3
Let q(x) = 461*x**2 - 2*x - 7. Let z be q(-3). Calculate the greatest common divisor of z and 68.
68
Suppose 2*h = -l + 7, -4*l - 23 = -8*l - 3*h. Let z be (-28)/8 - -3 - (-648)/16. What is the greatest common factor of l and z?
5
Let i(t) = 451*t + 149306. Let c be i(-331). Let l = 1776 + -976. Calculate the greatest common divisor of l and c.
25
Let i(s) be the second derivative of s**5/20 - 2*s**4/3 + 5*s**3/2 - 25*s**2/2 - 5*s - 12. Let p be i(8). Calculate the highest common factor of 19 and p.
19
Suppose 3*g - 24 = -3*g. Suppose g*y = -4*a + 544, -672 = y - 6*y + 3*a. Calculate the greatest common divisor of 5 and y.
5
Let c = -205 + 264. Let i be c/2 + (5 - (-63)/(-14)). What is the highest common factor of i and 42?
6
Suppose 5*l = 8*l - 609. Let y = 87 - l. Let k be (-1)/(y/(-40) + 0 + -3). Calculate the greatest common divisor of k and 10.
10
Suppose 3*y + 34*y = -12203 + 121131. Calculate the highest common divisor of 192 and y.
64
Suppose 355651 = -457*g + 1401724. Calculate the highest common divisor of g and 231.
21
Let w(h) = -29*h + 508. Let i be w(13). What is the highest common factor of i and 1179?
131
Let x be 210/(-45)*4356/(-77). What is the highest common divisor of x and 198?
66
Let v be (-46)/759*-1529 + (2 - 5/3). Calculate the highest common factor of v and 15159.
93
Let v be (3 - 98/8)*192/(-16). Suppose -119*b = -v*b - 2128. What is the highest common factor of 14 and b?
14
Suppose 4*g = -n - 20, -4*n + 5*g + 15 = 2*g. Suppose 8*m - 95 = 3*m + 3*p, n = -2*m + 4*p + 24. What is the highest common divisor of 22 and m?
22
Let l(v) = -v**3 + 12*v**2 + 32*v - 97. Let b be l(11). Suppose 2*g - 51 + 19 = 0. What is the greatest common divisor of b and g?
8
Suppose -6168 = -l + 5*a, -2*l - 19*a + 15*a + 12420 = 0. What is the greatest common factor of l and 6?
6
Let q(u) = 20*u**2 + 3*u - 4. Suppose 0 = -3*j + 4*m - 11, 0*m + 16 = -4*j + 4*m. Let t be q(j). What is the highest common divisor of 74 and t?
37
Suppose 3*q + h = 3*h - 4, 2*h + 8 = -3*q. Let y(m) = 20*m**2 - 2*m + 6. Let k be y(q). What is the greatest common divisor of 36 and k?
18
Suppose 6*q - 24 = -0*q. Suppose 0*u - 5*o + 28 = q*u, -3*u - 5*o = -26. What is the highest common divisor of 28 and u?
2
Suppose 0 = -4*k + 3*k + 1. Let j be (2 + -2 + k)*12. Let d = 8382 + -8250. What is the greatest common factor of j and d?
12
Let m be (8/10)/2*630/126. Calculate the highest common divisor of 50 and m.
2
Suppose 83*d - 86*d + 5*x = -132, 0 = -4*d - 5*x + 141. Suppose 105 - 60 = 5*j. Calculate